 3. Let c be t(4). Suppose q = -3*p - 2*l + 723, 3*p + 463 = 5*p - c*l. Is p a prime number?
True
Let g = -74 - -77. Suppose 4*q - 3 + 4 = -s, g*s - 5*q - 14 = 0. Suppose 4865 = s*w - 2056. Is w prime?
False
Let x(g) = -3*g**2 + 41*g - 67. Let u(k) = k**2 + 10*k + 23. Let h be u(-4). Let w(j) = j**2 + j. Let y(m) = h*w(m) - x(m). Is y(32) a composite number?
True
Let s = 244435 - 133586. Is s a prime number?
True
Let n = 36607 - -52308. Is n prime?
False
Let u(p) be the first derivative of -103*p**2 - 81*p + 36. Is u(-7) prime?
True
Suppose -2*f + 2 + 0 = 0, -4*s = 3*f - 3. Suppose s = -3*m - 4 + 4. Is -12 - -14 - (m - 139) a prime number?
False
Let i(d) be the first derivative of -d**4/12 - d**3/3 + 13*d**2/2 + 33*d + 28. Let c(g) be the first derivative of i(g). Is c(0) prime?
True
Suppose -3*v - 2221 + 118 = 0. Let s = v - -1200. Is s a prime number?
True
Is (0 + (-331489)/2)/(394/(-788)) composite?
False
Suppose 4*x = -5*x + 63. Suppose -3*l = -x - 2. Suppose -3*a + 6*n + 627 = 2*n, -l*a + 624 = -3*n. Is a a prime number?
False
Let c = -38 + 41. Let k be 0 + 4/4 + c. Is (1055 - 2) + 0 - k/(-2) a composite number?
True
Suppose -13*y - 28*y + 1282111 = 0. Is y a composite number?
False
Suppose 92*t = 95*t + 18. Is (-4)/t*-6 - (-12205)/5 prime?
True
Let l(h) = -h**3 - 12*h**2 - 12*h + 6. Let b be l(-10). Let y = 74 + b. Let w(c) = c**2 - c + 331. Is w(y) prime?
True
Let b(d) = 146*d**3 + 6*d**2 + 77*d - 46. Is b(9) composite?
True
Let b be 9/(-15)*(-3 - 2). Suppose -o = 4*t - 33401, 0 = -b*t + 3*o + 30073 - 5011. Is t a composite number?
True
Let j(l) = 285*l**2 + 3*l + 35. Suppose 4*c + 45 - 25 = 4*a, c = -4*a. Is j(c) a composite number?
False
Let o(t) be the first derivative of 3/2*t**2 - 15 + 73/3*t**3 - t. Is o(-1) a prime number?
False
Let o = 153 - 152. Is 0 - (-916 + -3)/o composite?
False
Let t be (-9426)/2*((2 - 7) + 4). Let k = 12328 - t. Is k a composite number?
True
Let v = 12408 + -23633. Let r = -7082 - v. Is r a composite number?
True
Suppose 11 - 2 = z. Let b be 18/4*(-30)/z. Is b/140*4 - 1312/(-7) prime?
False
Let g(s) = -s**3 + 10*s**2 - 11*s - 3. Let f be 1 + (-1 - 0) - -5. Suppose -d + 2*o - 3*o + 8 = 0, -f*o = 0. Is g(d) composite?
False
Suppose 0 = g - 4*a - 1, g + 10*a - 5*a - 10 = 0. Suppose -g*j + 6343 = -4*c - 2010, -2*c = -j + 1667. Is j a composite number?
True
Let z(b) = -2*b**3 + 14*b**2 - 6*b + 5. Let m be z(6). Suppose 0 = -m*f + 44*f - 27717. Is f a composite number?
False
Let s(p) = 938*p - 6 + 97 + 722*p. Is s(4) prime?
False
Let p(d) be the third derivative of 9/2*d**3 + 0 + 24*d**2 + 47/4*d**4 + 0*d. Is p(2) a prime number?
False
Let h(n) be the first derivative of 2*n**3/3 + n**2 + 13571*n + 10. Is h(0) prime?
False
Suppose -13*h + 95512 = 4*f - 17*h, f + 4*h - 23893 = 0. Suppose 40*p = 53*p - f. Is p prime?
False
Suppose -5*s - 11*d = -10*d - 81670, -3*s + 4*d + 48979 = 0. Is s prime?
True
Let f = 1313141 + -679426. Is f a composite number?
True
Let w be (-210)/350*35/(-1). Let j(g) = -g**3 + 23*g**2 + 28*g + 53. Is j(w) a prime number?
True
Let m(w) = 22*w**2 + 30*w + 151. Is m(-32) composite?
True
Let k(u) = 3938*u**3 - 4*u**2 + 9*u - 10. Is k(3) prime?
True
Suppose -772 + 633 = -u. Let q = 283 + u. Is q prime?
False
Suppose 2*g + 137 = -11. Let r = g - -88. Suppose 0 = 8*a - r*a + 3522. Is a prime?
True
Let j(z) = 2*z + 40. Let m be j(-19). Suppose 3*t - 2*t - 4*h - 789 = 0, 0 = -3*t + m*h + 2397. Is -4 - 2/((-2)/t) a prime number?
True
Let g = -36049 - -63144. Is g composite?
True
Suppose 37 = -44*c + 257. Suppose -c*q + 11191 + 12952 = 4*x, 4*x = 2*q - 9674. Is q composite?
False
Let f be (1 + (-12)/20)/((-1)/(-5)). Let c be 12/(-16) - f/(-8)*-13. Let k = c + 299. Is k prime?
False
Let j be (-4)/(-10) - (-4 - 441/(-15)). Let y(m) = 20*m**2 + 22*m + 19. Is y(j) a composite number?
False
Let m(r) = -4*r**3 - 3*r + 6. Let o be m(3). Let v = -77 - o. Suppose v*f = 30*f + 1628. Is f a prime number?
False
Let d(v) be the first derivative of v**4/4 + 2*v**3 - 4*v**2 - 48. Let u be d(-7). Is (1257/(-6))/(3 - u/2) a composite number?
False
Let h(b) = -532*b + 7. Let c = -56 - -59. Let u be h(c). Let w = 2510 + u. Is w a composite number?
True
Suppose 122379 = 3*o + 3*y, 2*o - 21454 - 60156 = 2*y. Is o prime?
False
Let q = 3370 - -466927. Is q a prime number?
True
Suppose -75789765 = 62*s - 107*s. Is s a composite number?
True
Suppose -28*t - 1090053 = -2559017. Is t prime?
False
Suppose 3*q + 78 = 3*y, -7*y + 3*q = -3*y - 103. Let s(z) = 164*z + 101. Is s(y) a prime number?
True
Let k be (16/12 + 2)*180/(-24). Is 2 + -2 - (-662 + k) a composite number?
True
Suppose -6*x - 3*q = -7*x + 106709, 106745 = x + 6*q. Is x a prime number?
True
Let n(c) = 4*c**3 + 12*c**2 - 27*c + 74. Is n(21) prime?
True
Let k(q) be the second derivative of 67*q**3/6 - 17*q**2/2 - 108*q. Let b(y) = 5*y**2 - y. Let v be b(1). Is k(v) composite?
False
Suppose 4*s - 3*s = 5*n - 564757, 3*n + 5*s = 338843. Is n a composite number?
False
Let m(t) = t**3 - 10*t**2 - 25*t + 12. Let c be (-3 + 1 + (4 - 6))*-3. Let i be m(c). Suppose i*z + 401 = 3*z - 4*j, -z + 159 = 5*j. Is z a composite number?
False
Let m = -27815 + 15956. Let i = m - -21058. Is i a prime number?
True
Let l(a) = 29*a**3 - 2*a**2 + 5*a + 4. Let g(s) = 28*s**3 - 3*s**2 + 5*s + 3. Let d(w) = 3*g(w) - 2*l(w). Let n be (-11)/(-3) - 18/27. Is d(n) composite?
False
Let o be (1/3)/(16/400656). Let x = -4358 + o. Is x prime?
True
Let f(u) = -1135*u + 1923. Is f(-41) a composite number?
True
Suppose -i = 5*i - 12. Suppose 78 = -i*m - 122. Let t = m - -155. Is t a prime number?
False
Let r(q) = 456*q + 13. Let m be r(9). Suppose 7*j + 10611 = -m. Let u = j + 3957. Is u composite?
True
Let p(m) = -m**3 + 13*m**2 - m + 7. Let d be p(13). Is d/(-2*6/11994) composite?
True
Let r be 58/(-6) + 4/6. Let l = 14 + r. Suppose z + 4*q - 3*q = 528, 0 = -l*z - 3*q + 2630. Is z a composite number?
False
Let y(c) = -14*c**3 - c**2 + c + 2. Let z be y(-1). Suppose -j = 2*b - 7, 5*b = -4*j + 10 + 9. Is (-2237 - 1/j)*(-7)/z a prime number?
False
Let h(m) be the third derivative of m**5/4 - 5*m**4/12 + m**3/6 + 43*m**2. Suppose g - 6*g + 3*n = 49, 4*g - 4*n = -44. Is h(g) a composite number?
True
Suppose 2*c - t = -3115, 0 = 2*c - t + 6*t + 3133. Let o be 0 - 3 - (1037 + -10). Let l = o - c. Is l a composite number?
True
Let w = 191753 + 973958. Is w composite?
False
Suppose -9 = 2*w + 25. Let k(y) = -670*y - 189. Is k(w) prime?
False
Let r be -2 + -15*4/(-12). Suppose 2*z - 10 = -r*z. Suppose -z*t = -292 - 242. Is t a prime number?
False
Let x be (5*-19)/((-41)/(-164)). Is 19/(x/(-86536)) - 1/(-5) composite?
False
Suppose 3*o - 2*o + m = 4, 0 = 2*o + 4*m - 6. Suppose 10719 = o*p - 38451. Suppose 12*r = -1446 + p. Is r prime?
False
Let i(n) = 36*n**2 - 5*n + 5. Suppose 5*s - x + 3*x = 32, -x = -4*s + 23. Is i(s) composite?
True
Suppose -2*c = -4*c - 56. Let s = -464 + 485. Is (-1)/s*-3 + (-2432)/c prime?
False
Suppose -635*p - 1517260 + 8901418 = -617*p. Is p composite?
False
Suppose 2*q = 2, 2*k + 2*q = 4 + 6. Suppose -k*r + 2541 = -2*b + 5*b, 2*r + 5*b = 1267. Suppose 3*h - r - 225 = 0. Is h a composite number?
True
Let n(o) = 1535*o**2 + 84*o + 513. Is n(-8) a composite number?
False
Let v be (-4)/(4*5/(-30)). Suppose 47900 = v*z - 18730. Is z a prime number?
False
Let z be ((-7)/(-14) - 18/(-4))*13. Let b = z - -267. Is -4 + (b - (-5 + 2)) a composite number?
False
Let w be 3*((-12)/(-9) + 0). Suppose 5*p - 4*t + 180 = 1140, 2*p - t - 381 = 0. Suppose -w*y + p = -8. Is y a prime number?
False
Let y(t) = -t**3 - 107*t**2 + 400*t + 1669. Is y(-117) a prime number?
False
Let c = 24 + -3. Let i(j) be the third derivative of 2*j**4 - 49*j**3/6 + 16*j**2. Is i(c) a composite number?
True
Let m(a) = -a**3 + a**2 - a + 9. Let q be m(0). Suppose -3*b - q = 0, c + 5*b + 14 - 1 = 0. Is 2914/7 + -3 + c/(-7) a prime number?
False
Suppose 14*a + 1228 - 5695 = 19823. Is a a composite number?
True
Suppose -71*a - 3537965 = -6847799 - 6249535. Is a a composite number?
False
Suppose -j + 3*k - 13 = -2*k, 0 = 3*k - 12. Suppose -j*y = -9*y - 2. Is y/(-4) + 7084/16 prime?
True
Let r(u) = 887*u**2 - 3*u - 16. Let i be r(-3). Suppose -23*j + 31*j = i. Is j prime?
True
Suppose 59*n - 30332766 = -17*n - 65*n. Is n a